0)/(-15))/(4/6). Suppose -t*x + 12 = -q + 65, -48 = -q - x. Suppose -4*v + 7 = -3*v. What is the greatest common factor of q and v?
7
Let o be (28/6)/(5/60). Let w = o + -16. What is the highest common factor of 5 and w?
5
Let t = -6 + 8. Let d(b) = -1 + b**3 - 3*b**t - b + b + 2*b. Let s be d(3). Calculate the greatest common factor of s and 5.
5
Let s be 2/(-4)*2*-8. Let h(z) be the first derivative of -41*z**2/2 - z - 6. Let d be h(-1). Calculate the greatest common factor of s and d.
8
Let s be 1 - (-5)/(15/(-6)). Let q be s - -1 - (2 + -4). Calculate the greatest common factor of 5 and q.
1
Let g(y) = 2*y - 34. Let t be g(26). Calculate the highest common divisor of 42 and t.
6
Suppose -3*c + 5*y + 81 = -c, c - 47 = -4*y. Suppose -c = -4*s + 53. Let r be ((-12)/(-5))/((-3)/(-10)). Calculate the highest common factor of s and r.
8
Suppose 5*o - 70 = 5*n + 15, 2*o - 31 = n. Let a = 2 + 0. What is the highest common divisor of o and a?
2
Let b be (-2)/(-9) + (-568)/(-36). Let l be (-10)/(-4)*(-8)/(-5). Suppose -l*k + 4 = -2*k. What is the highest common factor of k and b?
2
Let r be (-5 + -2)*(-6)/14. Suppose 0 = -0*c + 3*c + 42. Let l = c + 35. What is the highest common divisor of l and r?
3
Let q = 74 + -29. Let r(l) = -l**2 - 4*l + 2. Let j be r(-4). Let v be (-3)/6*j*-15. What is the greatest common divisor of q and v?
15
Let c be (-3 - (-3 + 3))*-1. Let h be 6/(-3)*(-3)/2. Suppose -7*j + h*j = -48. Calculate the greatest common divisor of j and c.
3
Let o be -2*(-1*2 - -1). Suppose -m + 2*f - 3 - 11 = 0, o*m + 28 = -3*f. Let w = m - -23. What is the greatest common divisor of 18 and w?
9
Suppose 5*f - 279 = 141. Calculate the highest common factor of f and 56.
28
Let u(z) = z**3 - 7*z**2 + 7*z + 5. Let y be u(6). Suppose -n + 83 = 2*w, 2*w = -0*n - 2*n + 78. What is the greatest common divisor of y and w?
11
Suppose -4*u + 9*u = -5*a + 45, 57 = 3*u - 3*a. Suppose -31 - u = -5*n. Calculate the highest common factor of 1 and n.
1
Suppose -5*l + 4*l = -b + 236, -b + 2*l + 232 = 0. Calculate the highest common factor of b and 60.
60
Suppose 0 = x - 3*x + 2*j + 40, 4*x + 2*j - 56 = 0. Suppose -4*a - x = -3*a - 5*w, -3*a = 5*w - 32. Calculate the greatest common factor of 4 and a.
4
Suppose -24 = -9*z + 6*z. Suppose -5*n - z = -63. What is the highest common divisor of 11 and n?
11
Suppose 5 = 3*i - 31. Suppose -2*n - 168 = -4*n. Calculate the greatest common divisor of n and i.
12
Suppose -2*f = -0*f - 160. Calculate the highest common divisor of f and 16.
16
Let z(l) = 3*l - 2. Suppose 3*i + 3 = -3*v - v, i = 4*v - 1. Suppose v = -4*y + 3 + 17. Let d be z(y). What is the highest common factor of 143 and d?
13
Let f be (1 - -4)*68/4. Let o = f - 5. Let s be -3*(1 + 0) - -13. What is the highest common factor of s and o?
10
Let t = 3 + 9. Calculate the highest common factor of 84 and t.
12
Suppose 5*m + 40 = 13*m. What is the greatest common divisor of m and 1?
1
Let n(h) = -3*h + 48. Let i be n(12). Let t(d) = 11*d**3 + d**2 + d + 2. Let j be t(2). Calculate the greatest common divisor of i and j.
12
Let z = 29 + -13. What is the highest common divisor of z and 24?
8
Let c be (-24)/(-60) - ((-116)/(-10))/(-1). Suppose -6*a + 231 = -4*a + 5*m, -4*a + 5*m = -417. Calculate the greatest common divisor of c and a.
12
Let q = -23 + 29. What is the greatest common divisor of q and 12?
6
Suppose 3*p = -4*q + 70, -4*q + 7 = 2*p - 41. What is the greatest common factor of 55 and p?
11
Suppose 4*s - y = 1 + 32, 4*y - 12 = 0. Let j = 10 + -4. What is the highest common divisor of j and s?
3
Suppose j - 16 = -z - j, z - 2*j = 0. What is the highest common factor of z and 72?
8
Let a(t) = -2*t**3 - 4*t**2 - t + 3. Let k be a(-3). Suppose -6*q + k = -2*q. What is the greatest common factor of 66 and q?
6
Suppose 0 = 2*f - 6*f + 3*i + 9, 3*i = 3. Suppose 0*m + b + 59 = 3*m, -f*b = m - 3. Calculate the highest common divisor of m and 45.
9
Suppose -2*m = 2*m. Suppose 4*r - 91 - 125 = m. Let l(y) = y**2 + 3*y + 2. Let i be l(-4). Calculate the highest common divisor of i and r.
6
Suppose -5*r + 165 = 2*p, -2*r - 3*r - p = -165. Suppose u = 3 - 0. Calculate the greatest common factor of u and r.
3
Let z(q) = q**2 + 15*q + 2. Let v be z(-16). What is the greatest common divisor of v and 72?
18
Let g(m) = m**3 - m**2 - m + 5. Let i be g(0). Let r = i - 0. Suppose y = -r*d - 10 + 25, -5*d - 45 = -5*y. Calculate the greatest common divisor of 4 and y.
2
Let y = -6 + 19. Let b(i) = 3*i**3 + i**2 - 2*i + 2. Let u be b(2). What is the greatest common factor of u and y?
13
Let k be ((-124)/(-44) - (-4)/22) + 0. What is the highest common divisor of k and 24?
3
Let f be (-1)/(-3) - 191/(-3). Let q be (2 - 3) + (27 - -2). Suppose -5*s = -12 - q. What is the greatest common factor of f and s?
8
Let x(s) = -s**2 - 8*s - 2. Suppose -19 = 2*n - 7. Let p be x(n). Calculate the greatest common divisor of p and 50.
10
Let m(v) = 4*v**2 + v + 1. Let i(t) = -t**2 - t. Let r(w) = 3*i(w) + m(w). Let f be r(2). Calculate the greatest common factor of 1 and f.
1
Let q be 7*(3 - 15/35). Calculate the highest common factor of q and 2.
2
Let x(g) = g + 10. Let y be x(18). What is the highest common divisor of 84 and y?
28
Suppose 2*z - 16 - 10 = 0. Let j be (1 - z)/(-4) - -102. What is the highest common divisor of 15 and j?
15
Suppose 2*n + 2*h = 3*h + 2, n + h + 2 = 0. Suppose k - 3 - 13 = n. Let q be 2*-1 + (4 - -14). What is the greatest common factor of k and q?
16
Suppose 0 = f + 3*i - 97, 2*f = 5*i + 145 + 27. Suppose -3*d - 39 = -6*d. What is the greatest common factor of d and f?
13
Let s be 67 - (4 - (0 - -2)). Suppose -2*r = 3*z - 6*r - 90, 2*z = -4*r + 40. Calculate the highest common factor of s and z.
13
Let z(m) = m**2 - m + 2. Let n be z(2). Suppose v + 36 = n*v. What is the greatest common divisor of 108 and v?
12
Suppose 0 = 4*t + 3*t - 35. Calculate the highest common factor of 15 and t.
5
Let g = 6 + -10. Let m(k) = 2*k**2 + 4*k - 3. Let d be m(g). Calculate the highest common divisor of d and 52.
13
Suppose 2*x = -0*x + 12. Calculate the greatest common factor of x and 18.
6
Suppose 0 = 4*m + m - 715. Suppose -4*i = -4, 21 = -z + 4*i - 9*i. Let a be ((-3)/6)/(1/z). What is the highest common factor of m and a?
13
Let i(o) = -o**2 - o + 12. Let f be i(0). What is the highest common divisor of 108 and f?
12
Suppose -2*a + 3*g + 230 = 0, -3*a - a = -2*g - 452. Calculate the highest common divisor of 28 and a.
28
Let n = 130 + 143. Calculate the greatest common factor of n and 39.
39
Suppose 2*a = 6*a + 2*v - 262, -a = -4*v - 52. Calculate the greatest common factor of 16 and a.
16
Let f(c) = -c**2 + 10*c. Let b be f(10). Suppose b = -2*x - 4*j - 36, -5*x - 2*j - j - 62 = 0. Let n = -6 - x. Calculate the highest common divisor of n and 4.
4
Let u(r) = r**3 - 4*r - r**2 + 0*r - 3*r**2 - 3 + 0*r**2. Let y be u(5). What is the greatest common divisor of 3 and y?
1
Let y(h) = -h**2 + 8*h - 4. Let s be y(6). Suppose 0 = 3*l - 28 - s. Calculate the greatest common factor of l and 48.
12
Suppose 90 + 114 = 4*w. Calculate the highest common factor of 68 and w.
17
Let d(v) = -37*v**3 - v. Let b be d(-1). What is the greatest common factor of b and 95?
19
Let t = -8 - -5. Let x be (17/t)/(1/(-9)). Suppose 3*o - 213 = x. What is the greatest common factor of 11 and o?
11
Let o(m) = -9*m**2 - 4*m - 2. Let h be o(5). Let d = h + 447. What is the greatest common factor of d and 25?
25
Let j = -11 + 24. Calculate the highest common factor of 13 and j.
13
Let s = 2 - 2. Suppose -34 = -2*x - s. Let k = -81 + 200. What is the greatest common factor of x and k?
17
Let p(h) = h**2 + h - 4. Let b be p(-3). Suppose 4*c + 3*l + b*l - 89 = 0, -4*l = c - 25. Calculate the greatest common divisor of c and 21.
21
Let w be -75*(12/20 - 1). What is the greatest common factor of w and 15?
15
Let h(j) = 3*j + 3. Let t be h(9). Calculate the highest common factor of 12 and t.
6
Let n(d) = 6*d**2 - 4. Let p(j) = j**2 - 8*j + 9. Let s be p(6). Let u be n(s). Let x be 2 + 17 - (-1 - 0). What is the highest common factor of x and u?
10
Let h be (-1)/2 + 70/20. Suppose -3*t - 32 = -4*j - 10, 2 = 2*j + h*t. Calculate the highest common factor of j and 44.
4
Let h(n) = 8*n + 8. Let z(j) = 9*j + 9. Le